r(f) = -f**2 - 28*f + 24. Calculate r(-29).
-5
Let r(m) = -11*m - 1. Determine r(4).
-45
Let n(q) = -q**2 + 3*q - 7. Give n(3).
-7
Let g(w) = -41*w - 34. Calculate g(-2).
48
Let g(v) = -v**2 + 26*v - 7. Give g(26).
-7
Let l(h) = -h**2 + 14*h - 21. Give l(9).
24
Let g(k) = -16*k - 344. Determine g(-22).
8
Let p(x) = 4*x - 10. Calculate p(-3).
-22
Let n(p) = 4*p - 11. Give n(-5).
-31
Let a(u) = -u**3 + 9*u**2 + 11*u - 13. Calculate a(10).
-3
Let n(a) = a**2 + 12*a + 4. What is n(-8)?
-28
Let d(s) = -s**2 - 30*s - 16. Calculate d(-27).
65
Let p(a) = -a**2 + a + 12. Give p(6).
-18
Let y(f) = 21*f + 1. Calculate y(1).
22
Let n(k) = k**3 - 5*k**2 + k - 51. Give n(6).
-9
Let v(h) = -h**2 - 2*h - 1. Determine v(-5).
-16
Let f(r) = -6*r**3 - r**2 + r + 1. Determine f(-1).
5
Let d(m) = m**3 - 3*m**2 + 9*m - 18. Calculate d(4).
34
Let f(t) = 5*t**2 + 17*t + 13. Determine f(-1).
1
Let w(v) = v**3 - 8*v**2 - 10*v + 11. What is w(9)?
2
Let o(j) = -j**2 - 2*j - 3. Calculate o(2).
-11
Let x(a) = a**3 - 15*a**2 + 16*a - 26. Determine x(14).
2
Let i(u) = u**2 + 13*u + 27. Determine i(-11).
5
Let r(y) = -y**2 + 2*y. What is r(6)?
-24
Let a(m) = -2*m**2 - 60*m - 323. Determine a(-23).
-1
Let t(y) = y**2 + 10*y + 2. What is t(-10)?
2
Let z(y) = 14*y**3 + 2*y**2 - 1. Calculate z(1).
15
Let p(n) = -n**3 - 3*n**2 - 5*n - 32. Give p(-4).
4
Let d(m) = m**3 + m**2 - 10*m + 6. What is d(-4)?
-2
Let x(d) = 2*d**2 - 14*d + 5. Give x(6).
-7
Let x(n) = n**3 + n**2 - n - 4. Determine x(0).
-4
Let w(x) = x**3 + 8*x**2 - 3*x + 6. Determine w(-9).
-48
Let b(v) = -v**3 - 6*v**2 + 8*v + 61. What is b(-5)?
-4
Let v(h) = 27*h + 217. Give v(-8).
1
Let q(b) = -b**3 + 8*b**2 - 9*b - 8. What is q(7)?
-22
Let x(g) = 6*g + 7. Determine x(-2).
-5
Let i(q) = 2*q + 18. Calculate i(-11).
-4
Let p(z) = z**3 + 11*z**2 + 2*z + 12. Give p(-11).
-10
Let x(q) = q + 13. What is x(-12)?
1
Let v(x) = x + 23. What is v(-15)?
8
Let s(t) = t**3 + 18*t**2 - 20*t + 24. What is s(-19)?
43
Let m(n) = -n**3 - 14*n - 21. Give m(0).
-21
Let z(c) = 4*c - 35. Give z(13).
17
Let q(s) = s**3 - 6*s**2 + 4*s - 5. What is q(6)?
19
Let w(j) = 23*j - 5. Give w(3).
64
Let w(d) = 3*d + 8. Calculate w(-14).
-34
Let h(x) = -x**3 - 3*x**2 + x - 8. Give h(-4).
4
Let s(y) = -4*y**2 + 13*y - 5. Determine s(6).
-71
Let m(c) = -5*c**2 - 3*c + 4. Determine m(-3).
-32
Let i(v) = v - 20. Determine i(10).
-10
Let c(o) = 2*o**3 + 11*o**2 + 3*o + 3. Calculate c(-7).
-165
Let u(f) = -11*f**2 + 4*f - 1. Calculate u(2).
-37
Let t(h) = h**2 - 25*h + 124. Give t(18).
-2
Let l(v) = -10*v**2 + 109*v + 7. What is l(11)?
-4
Let r(x) = -x**3 - 10*x**2 + 8*x - 22. What is r(-11)?
11
Let d(b) = -32*b - 104. Give d(-3).
-8
Let d(i) = 14*i - 85. Give d(6).
-1
Let s(b) = -2*b**2 - 5*b + 1. Calculate s(-4).
-11
Let k(r) = r**3 + 9*r**2 + 10*r + 7. Calculate k(-9).
-83
Let f(c) = 4*c**2 - 10*c + 9. Give f(5).
59
Let n(m) = m**2 - 4*m - 6. What is n(5)?
-1
Let a(t) = 25*t**2 - t - 3. Calculate a(-2).
99
Let x(u) = u**3 - 25*u**2 - 2*u + 45. Give x(25).
-5
Let u(n) = n**3 - 10*n**2 + 9*n - 3. What is u(9)?
-3
Let o(u) = -u**2 + 14*u + 11. Determine o(15).
-4
Let m(w) = 10*w**2 - 5*w + 5. Calculate m(2).
35
Let n(x) = x**2 - 5*x - 3. Give n(-6).
63
Let z(d) = -d**2 + 2*d + 4. Give z(4).
-4
Let v(d) = d**2 - 5*d + 7. Calculate v(7).
21
Let h(p) = -174*p - 1570. Calculate h(-9).
-4
Let x(g) = g**2 - 8*g - 4. Calculate x(7).
-11
Let m(b) = -4*b - 68. Calculate m(-17).
0
Let q(l) = -4*l - 39. Determine q(-8).
-7
Let r(w) = 2*w**2 + 19*w + 3. Calculate r(-9).
-6
Let z(x) = 7*x - 3. Give z(7).
46
Let x(l) = -l**2 + 2*l - 3. Determine x(-2).
-11
Let k(x) = 16*x + 17. Determine k(-1).
1
Let w(u) = u**3 + 9*u**2 + 21*u + 2. Give w(-5).
-3
Let z(n) = 3*n - 3. Give z(-2).
-9
Let p(b) = 23*b**3 - b**2 + b + 1. What is p(-1)?
-24
Let v(y) = -4*y - 22. Calculate v(0).
-22
Let i(b) = -b**2 + 9*b - 15. Give i(3).
3
Let m(w) = 13*w**3 + w**2 + 4*w - 3. Give m(1).
15
Let b(g) = -g**2 - 17*g + 13. Calculate b(-17).
13
Let u(i) = -i**3 - i**2 - i - 1. Give u(0).
-1
Let i(m) = 3*m**2 + 3*m - 3. Calculate i(-4).
33
Let y(n) = -3*n**2 + 10*n - 9. Determine y(1).
-2
Let x(t) = -3*t + 6. Determine x(5).
-9
Let p(h) = -h**2 - 5*h + 6. Determine p(5).
-44
Let p(k) = -5*k - 6. Give p(3).
-21
Let w(c) = c**2 - 11*c + 9. Calculate w(10).
-1
Let i(z) = 8*z - 9. Determine i(-3).
-33
Let h(d) = d**2 - 11*d - 8. What is h(10)?
-18
Let p(i) = -2*i**3 + 33*i**2 + 12*i + 27. Determine p(17).
-58
Let q(r) = -12*r + 12. Determine q(7).
-72
Let l(x) = x**3 + 16*x**2 - 20*x - 65. Calculate l(-17).
-14
Let v(u) = u**3 + 7*u**2 + 5*u + 10. Determine v(-6).
16
Let u(g) = -g**2 + 15*g - 13. Determine u(13).
13
Let o(g) = 16*g + 321. Give o(-20).
1
Let g(w) = w**2 + 16*w + 35. Determine g(-13).
-4
Let p(x) = 3*x**2 - 3*x + 48. What is p(0)?
48
Let d(r) = 3*r**3 + r**2 + r + 4. Determine d(2).
34
Let n(m) = m**3 + 7*m**2 + 10*m - 2. Give n(-4).
6
Let y(r) = -4*r + 24. Determine y(12).
-24
Let c(r) = -3*r + 2. Calculate c(1).
-1
Let g(x) = x**2 - 24*x + 17. What is g(23)?
-6
Let s(o) = -o**2 + 14*o + 74. What is s(-4)?
2
Let l(j) = j**2 - 35*j + 151. Calculate l(30).
1
Let t(u) = -28*u**3 + u**2 - u + 1. Calculate t(1).
-27
Let o(p) = 2*p**2 + 5*p - 3. Give o(3).
30
Let w(m) = m**3 - 2*m**2 - 4*m + 6. Determine w(4).
22
Let i(t) = -t**3 + 53*t**2 - 104*t + 87. Calculate i(51).
-15
Let q(d) = -d**2 - 14*d - 8. Calculate q(-14).
-8
Let u(l) = l**2 + 2*l + 2. What is u(-1)?
1
Let h(t) = 2*t**3 + 9*t**2 + 2*t - 5. What is h(-4)?
3
Let b(n) = n**3 - 15*n + 2. Give b(4).
6
Let t(y) = -y - 6. What is t(-10)?
4
Let g(h) = h**3 + 10*h**2 + 11*h + 13. What is g(-9)?
-5
Let u(p) = p**3 - 4*p**2 - 8*p + 15. Calculate u(5).
0
Let t(g) = -11*g**2 - 3*g + 3. Determine t(2).
-47
Let s(i) = -i**3 + 7*i**2 + 2*i + 37. What is s(8)?
-11
Let p(s) = -8*s + 24. What is p(3)?
0
Let t(q) = q**3 + 4*q**2 - 11*q - 13. Give t(-6).
-19
Let w(y) = y**2 - 2*y - 16. Give w(0).
-16
Let d(w) = -28*w + 7. Give d(-2).
63
Let r(y) = y**2 - 14*y + 16. Give r(11).
-17
Let p(b) = -25*b + 418. Determine p(18).
-32
Let o(k) = k**3 + 10*k**2 + 8*k - 12. What is o(-9)?
-3
Let r(s) = s**2 - 7*s - 13. What is r(9)?
5
Let x(t) = t**3 - 12*t**2 - 18*t + 69. Determine x(13).
4
Let d(h) = h**2 + 21*h + 109. Calculate d(-15).
19
Let q(d) = 173*d + 700. Give q(-4).
8
Let w(q) = -q + 10. Determine w(4).
6
Let q(j) = 3*j - 5. Give q(5).
10
Let s(g) = g**2 - g - 1. Determine s(3).
5
Let x(j) = 2*j - 7. Give x(-3).
-13
Let i(z) = -z**3 - 7*z**2 + 11*z + 26. Calculate i(-8).
2
Let z(l) = l**2 + 4*l - 2. Determine z(-6).
10
Let q(t) = 4*t - 19. Determine q(9).
17
Let y(f) = -f**3 + 26*f**2 - 69*f - 13. What is y(23)?
-13
Let f(z) = -z**3 + 4*z**2 + 2*z + 6. Give f(5).
-9
Let y(x) = -x**3 - 45*x**2 - 163*x + 42. What is y(-41)?
1
Let j(w) = -w**3 + 14*w**2 + 34*w - 35. Give j(16).
-3
Let c(p) = p**2 - 5*p + 5. Give c(3).
-1
Let r(l) = l**2 - l - 28. What is r(7)?
14
Let s(k) = -13*k + 158. Determine s(13).
-11
Let t(w) = w**2 + 35*w + 149. What is t(-30)?
-1
Let a(b) = b**3 + 14*b**2 - 4*b + 14. What is a(-14)?
70
Let h(g) = g + 36. Give h(14).
50
Let f(h) = 5*h**2 - 4*h - 7. Calculate f(4).
57
Let y(h) = 3*h - 69. Determine y(51).
84
Let x(s) = s**3 - 22*s**2 + 20*s + 17. What is x(21)?
-4
Let b(s) = s**2 - 54*s + 402. Determine b(9).
-3
Let l(o) = -o**3 - 20*o**2 + 24*o + 65. What is l(-21)?
2
Let y(u) = -u**3 + 3*u**2 + 3*u. What is y(4)?
-4
Let f(b) = b**3 + 7*b**2 + 2. Determine f(-7).
2
Let a(c) = -c**3 + 2*c**2 + 8*c - 9. What is a(4)?
-9
Let d(r) = -12*r + 65. Calculate d(5).
5
Let r(c) = c**3 + 20*c**2 + 2*c + 11. Give r(-20).
-29
Let t(y) = -16*y + 4. Determine t(3).
-44
Let d(f) = -f**3 - 3*f + 5. What is d(2)?
-9
Let f(k) = -35*k + 77. Calculate f(7).
-168
Let d(x) = 4*x + 18. What is d(5)?
38
Let k(o) = 5*o**2 + 3*o - 3. Give k(1).
5
Let d(n) = n**2 - 3*n - 11. Determine d(-3).
7
Let s(h) = -h**2 - 18*h - 16. What is s(-22)?
-104
Let w(d) = 8*d**2 - 2*d + 1. Calculate w(2).
29
Let i(f) = f**2 + 11*f + 7. Give i(-11).
7
Let h(a) = a**3 - 3*a**2 + 3. Determine h(3).
3
Let w(r) = -4*r - 42. Give w(-12).
6
Let g(q) = 19*q**2 - 71*q - 7. Calculate g(4).
13
Let y(f) = -20*f**3 - 2*f**2 - 24*f - 23. Give y(-1).
19
Let m(f) = -23*f - 46. Give m(-3).